{"id":199,"date":"2018-06-15T03:12:43","date_gmt":"2018-06-15T03:12:43","guid":{"rendered":"http:\/\/localhost:8888\/Proespia\/?page_id=199"},"modified":"2019-03-18T16:42:50","modified_gmt":"2019-03-18T16:42:50","slug":"sobre-nosotros","status":"publish","type":"page","link":"https:\/\/proespia.cl\/proespia\/?page_id=199","title":{"rendered":"Sobre Nosotros"},"content":{"rendered":"<p>[vc_row][vc_column][vc_column_text]<img decoding=\"async\" loading=\"lazy\" class=\"alignnone wp-image-250 size-full\" src=\"http:\/\/localhost:8888\/Proespia\/wp-content\/uploads\/2018\/06\/sobre-nosotros-header.jpg\" alt=\"\" width=\"1628\" height=\"606\" srcset=\"https:\/\/proespia.cl\/proespia\/wp-content\/uploads\/2018\/06\/sobre-nosotros-header.jpg 1628w, https:\/\/proespia.cl\/proespia\/wp-content\/uploads\/2018\/06\/sobre-nosotros-header-768x285.jpg 768w\" sizes=\"(max-width: 1628px) 100vw, 1628px\" \/><br \/>\n[\/vc_column_text][\/vc_column][\/vc_row][vc_row][vc_column][vc_column_text]Pro esp\u00eda nace junto a la necesidad de innovar en el \u00e1rea tecnol\u00f3gica, para este efecto fueron\u00a0seleccionados los mejores t\u00e9cnicos para unirse a un fuerte desaf\u00edo junto al departamento de\u00a0ingenier\u00eda y directorio, dedicamos todo nuestro esfuerzo a\u00a0la investigaci\u00f3n, desarrollo y ejecuci\u00f3n\u00a0de\u00a0todos nuestros servicios que actualmente pueden satisfacer las necesidades de los clientes\u00a0m\u00e1s\u00a0exigentes en relaci\u00f3n a proyectos ambiciosos.<\/p>\n<p>Nuestra\u00a0<strong>Misi\u00f3n<\/strong>\u00a0es entregar el mejor servicio posible en el \u00e1rea de seguridad, Innovar y desarrollar proyectos de ingenier\u00eda, principalmente asociados a la integraci\u00f3n tecnol\u00f3gica,<\/p>\n<p>orientados a satisfacer de manera integral los requerimientos de nuestros clientes, con un nivel de exigencia tal que nos permite aumentar nuestras propias capacidades para captar y<\/p>\n<p>adaptarnos a las necesidades de cada cliente de esta forma entregar soluciones confiables y oportunas que garanticen el adecuado funcionamiento de los sistemas dise\u00f1ados, logrando<\/p>\n<p>respuestas \u00e1giles y espec\u00edficas.<\/p>\n<p>Nuestra\u00a0<strong>Visi\u00f3n<\/strong>\u00a0es ser reconocidos como una de las empresas l\u00edderes en el desarrollo de proyectos y servicios\u00a0 multidisciplinarios en el \u00e1rea TIC, tanto nacional como extranjera, pudiendo<\/p>\n<p>participar en los principales proyectos de integraci\u00f3n tecnol\u00f3gica en el \u00e1rea de:<\/p>\n<ul>\n<li>\u00a0Asesor\u00edas, evaluaci\u00f3n de Proyecto y Auditorias.<\/li>\n<\/ul>\n<ul>\n<li>\u00a0Conectividad y Redes ( Servidores, cableado estructurado, enlaces inal\u00e1mbricos y hadware en General ).<\/li>\n<\/ul>\n<ul>\n<li>Servicios GPS, Venta y mantenci\u00f3n de equipos, con nuestra plataforma SUIZA, que promete brindar los servicios mas amigables y completos del mercado gps, trabajado siempre con la mejor tecnolog\u00eda.<\/li>\n<li>Sistemas CCTV a nivel profesional en tecnolog\u00eda Digital, anal\u00f3gica, interfaz compuesta de video de Alta definici\u00f3n y Anal\u00edtica de video avanzada.<\/li>\n<\/ul>\n<ul>\n<li>Proyectos de Megafon\u00eda.<\/li>\n<\/ul>\n<ul>\n<li>Citofon\u00eda Digital y anal\u00f3gica.<\/li>\n<\/ul>\n<p>[\/vc_column_text][\/vc_column][\/vc_row]<\/p>\n","protected":false},"excerpt":{"rendered":"<p>[vc_row][vc_column][vc_column_text] [\/vc_column_text][\/vc_column][\/vc_row][vc_row][vc_column][vc_column_text]Pro esp\u00eda nace junto a la necesidad de innovar en el \u00e1rea tecnol\u00f3gica, para este efecto fueron\u00a0seleccionados los mejores t\u00e9cnicos para unirse a un fuerte desaf\u00edo junto al departamento de\u00a0ingenier\u00eda y directorio, dedicamos todo nuestro esfuerzo a\u00a0la investigaci\u00f3n, desarrollo y ejecuci\u00f3n\u00a0de\u00a0todos nuestros servicios que actualmente pueden satisfacer las necesidades de los clientes\u00a0m\u00e1s\u00a0exigentes en relaci\u00f3n&#8230;<\/p>\n","protected":false},"author":1,"featured_media":0,"parent":0,"menu_order":2,"comment_status":"closed","ping_status":"closed","template":"template-home.php","meta":[],"_links":{"self":[{"href":"https:\/\/proespia.cl\/proespia\/index.php?rest_route=\/wp\/v2\/pages\/199"}],"collection":[{"href":"https:\/\/proespia.cl\/proespia\/index.php?rest_route=\/wp\/v2\/pages"}],"about":[{"href":"https:\/\/proespia.cl\/proespia\/index.php?rest_route=\/wp\/v2\/types\/page"}],"author":[{"embeddable":true,"href":"https:\/\/proespia.cl\/proespia\/index.php?rest_route=\/wp\/v2\/users\/1"}],"replies":[{"embeddable":true,"href":"https:\/\/proespia.cl\/proespia\/index.php?rest_route=%2Fwp%2Fv2%2Fcomments&post=199"}],"version-history":[{"count":4,"href":"https:\/\/proespia.cl\/proespia\/index.php?rest_route=\/wp\/v2\/pages\/199\/revisions"}],"predecessor-version":[{"id":277,"href":"https:\/\/proespia.cl\/proespia\/index.php?rest_route=\/wp\/v2\/pages\/199\/revisions\/277"}],"wp:attachment":[{"href":"https:\/\/proespia.cl\/proespia\/index.php?rest_route=%2Fwp%2Fv2%2Fmedia&parent=199"}],"curies":[{"name":"wp","href":"https:\/\/api.w.org\/{rel}","templated":true}]}}